 = 0. Let b(v) = 4*v**3 - 3*v**2 - 5*v + 2. Let y be b(4). Let p(n) = -183*n + y*n - 5 + n**x - 1. Calculate p(-7).
-6
Let n(z) be the first derivative of z**5/20 - z**4/3 - z**3/3 + 3*z**2/2 - 16*z - 8. Let i(w) be the first derivative of n(w). Give i(4).
-5
Let t(z) = z**3 + 6*z**2 + 5*z - 6. Suppose -2*h + 6 = -2*x, 3*h + 11 = x - 2*x. Give t(x).
-6
Let o(z) = -3*z**2 + 7*z + 1. Let a(q) = -2*q**2 + 5*q + 1. Let m(s) = 6*a(s) - 5*o(s). Calculate m(2).
3
Let j(l) be the third derivative of -l**6/120 - l**4/24 - 3*l**3/2 - 28*l**2 - 3. Calculate j(0).
-9
Suppose 0*t + 2*t - 32 = -z, 4*z - 20 = -2*t. Let d(b) = 7*b**2 - t*b**3 + 17*b**3 + 3 - 3*b - 4*b**2. Give d(3).
-6
Let n(p) = p**3 + 5*p**2 + 3*p. Suppose -4*g - 4*y = 32, -4*g - 13*y - 12 = -14*y. Calculate n(g).
4
Let f(r) = -r**2 - 6*r - 7. Let l(j) = 2*j**2 - 31*j + 8. Let w be l(15). Determine f(w).
-14
Suppose -28*h = -30*h + 18. Let d(l) = -2*l**2 + 20*l - 8. Determine d(h).
10
Let h(c) = 2*c - 2. Let t be 8/20 + (-196)/(-35). What is h(t)?
10
Let y = 626 + -636. Let g(t) = t**2 + 10*t + 2. What is g(y)?
2
Suppose 2*f = 3*j - f - 30, 0 = -j + 3*f + 20. Let x(c) be the first derivative of 1/2*c**2 - 5 + j*c. Give x(-4).
1
Let s(l) = l**3 - 15*l**2 + 4*l + 8. Let h(x) = -4*x**3 + 63*x**2 - 15*x - 31. Let w(f) = 2*h(f) + 9*s(f). What is w(8)?
-6
Let o(y) = -y**3 + 3*y**2 + 4*y - 6. Let p(h) = -2*h**2 + 8*h - 2. Let d be (-1*9 + 0)*10/(-30). Let l be p(d). Give o(l).
-6
Let r = 5 + -3. Let i(g) = 3*g**r + 2*g + g - 5*g**2. What is i(3)?
-9
Suppose 0 = -b - b + 4. Suppose 0 = -b*u + 15 - 1. Let i(c) be the first derivative of -c**3/3 + 3*c**2 + 7*c + 26. Give i(u).
0
Let y(s) be the third derivative of -s**4/3 - s**3/3 - 2094*s**2. Suppose -d = -2*d - 2. What is y(d)?
14
Let m(f) = f**3 - 4*f**2 - f + 1. Let y be (-2)/11 - (570/110)/(-1). Determine m(y).
21
Let t = 21 + -13. Suppose -6*n + t = -2*n. Let f(c) = c**2 - 22 + 15 + n*c + 3*c. Calculate f(-5).
-7
Let z(u) = -3*u**2 - 11*u + 5. Let y(n) = -n - 1. Let v(a) = 5*a**2 + 17*a - 13. Let l(g) = -v(g) + 4*y(g). Let r(m) = -4*l(m) + 7*z(m). What is r(6)?
5
Let q(s) = -s**2 - 3*s - 3. Suppose -f - 8 = -b, 0 - 4 = -b. Determine q(f).
-7
Let q(o) = -27*o + 1. Suppose -51 = -5*d - 3*l + 18, -3*l = -2*d + 36. Suppose 16*h = h + d. Give q(h).
-26
Let z(a) = 3*a - 3. Let q(u) = -4*u + 4. Let x(m) = 4*q(m) + 5*z(m). Let f = -61 + 86. Suppose 6*n - f = n. Give x(n).
-4
Let m(k) be the first derivative of -k**7/840 + k**6/72 - k**5/120 - k**4/12 + 25*k**3/3 - 14. Let d(g) be the third derivative of m(g). Give d(3).
13
Let r = -60 - -42. Let j(m) = 6*m. Let a be j(-2). Let o = r - a. Let v(i) = -i**2 - 8*i - 4. Calculate v(o).
8
Let f(q) = 2*q. Let s be -12*4/10*(-160)/128. What is f(s)?
12
Let u be 1*(33/15 - (-3)/(-15)). Let h(q) = 5*q**2 + 4*q - 3. Give h(u).
25
Suppose -6 = -0*p + 2*p. Let q be p/(6/(-4))*1. Let l(r) = -3*r**2 - r**3 + 0*r**2 - 3 + 5*r**2 + 1 + 2*r**2. What is l(q)?
6
Let y(s) = -s**2 - s + 2. Let h be (141/6 - 20)*(1 + -3). What is y(h)?
-40
Let x(s) = -s**2 - 2*s. Let z(v) = 5*v**3 - 4*v**2 + 2*v - 1. Let b(f) = 14*f**3 - 11*f**2 + 5*f - 3. Let r(d) = -4*b(d) + 11*z(d). Let q be r(2). What is x(q)?
-3
Let s(g) = -g - 6. Let x be s(-8). Let l(z) = 7*z**2 + 7 + 0*z**2 - 2*z**2 - 4*z**x - 7*z. Give l(7).
7
Let l(z) = -14*z**2 - 17*z**3 + 8 + 37*z**3 + 1 - 2*z + 17*z - 21*z**3. Calculate l(-15).
9
Let m(d) = -d**2 - 5*d + 7. Suppose 0*h + 4*h + 20 = 0, -31 = -2*s + 5*h. Let i be s - (-1)/(2/18)*-1. Determine m(i).
1
Let g(q) = 37*q**2 + 3*q - 1 - 34*q**2 - 2*q**3 + 0*q + 4. Give g(-2).
25
Let x(q) = 7*q**2 - 3 - q**2 - 4*q**2 + 0*q**2 + q**3 + 4 - 3*q. Let u be 8/32 - 13/4. Calculate x(u).
1
Let l(k) = 27*k - 22. Let a(h) = 9*h - 8. Let x(p) = -8*a(p) + 3*l(p). What is x(-2)?
-20
Suppose -3*v = v - 16. Let l(d) = 5*d - 1 - v*d + 3*d - 3*d. Give l(-4).
-5
Let r(m) = m**3 - 3*m**2 + 4*m. Let k be r(3). Suppose -27 = -15*v + k*v. Let d(h) = h - 2. What is d(v)?
7
Let f(i) = 10*i**2 - 48*i + 66. Let q(m) = -7*m**2 + 32*m - 44. Let j(r) = 5*f(r) + 7*q(r). Let g be j(15). Let y(c) = -c + 3. Determine y(g).
-4
Let p = -94 + 27. Let t = 63 + p. Let s(o) = o**2 + 2*o + 1. What is s(t)?
9
Let r(q) = -16*q - 1. Let v be r(-2). Let i = 30 - v. Let j(l) = -8*l**3 + l**2 + 2*l + 1. Calculate j(i).
8
Let g(v) = v**3 - 11*v**2 - 12*v + 3. Let z be g(12). Suppose -z - 13 = -4*o. Let u be -1*(o - 10/(-5)). Let w(t) = -3*t - 1. Calculate w(u).
17
Suppose 3*h - 28*c = -23*c + 7, 5 = -c. Let p(g) = -g**3 - 7*g**2 - 4*g - 5. What is p(h)?
-17
Let u be (-4)/14 + 89/(-7). Let x(d) = -d**2 - 12*d + 16. What is x(u)?
3
Let w(i) = -i**3 + 2*i**2 + 2. Suppose -3*z + 50 = -5*m, -3*z - m + 29 = -z. Suppose 5 - z = -5*g. Calculate w(g).
2
Let j(t) = t**2 + 4*t + 2. Let f(r) = 20*r + 25. Let n be f(-1). Give j(n).
47
Let o = -120 + 133. Let f(x) = x - 20. Calculate f(o).
-7
Let d(z) = -z**3 - 12*z**2 + 12*z + 5. Let b(o) = o**3 - o**2 - 23*o + 2. Let g be b(5). Give d(g).
18
Let d = 277 + -274. Let p(l) = 5*l + 3. What is p(d)?
18
Let j(p) = p + 1. Let w = 6 + -7. Let k be j(w). Suppose -5*h + 14 + 1 = k. Let z(x) = x + 3. Give z(h).
6
Let d(q) be the third derivative of 0*q + 1/60*q**5 + 2*q**2 - 1/12*q**4 - 1/60*q**6 + 1/2*q**3 + 0. What is d(2)?
-13
Let p(r) = r + 14. Let u be p(-8). Suppose u + 2 = -w. Let n(o) = -o + 1. Determine n(w).
9
Let b(w) be the first derivative of 7*w**5/120 - w**4/12 + 5*w**3 - 5. Let k(z) be the third derivative of b(z). Calculate k(-2).
-16
Let h(b) = b**3 + 7*b**2 + 6*b - 4. Let m(z) = -z**3 - 4*z**2 + 5*z + 4. Let f = 2 - 7. Let a be m(f). Suppose -5 = -a*r - 29. What is h(r)?
-4
Let c = -9 - -5. Let h be (-5 - -1)/(c - -2). Let v(n) = 2*n**2 - 4*n + 8. Let m(x) = 5*x**2 - 11*x + 23. Let k(f) = 6*m(f) - 17*v(f). Determine k(h).
-10
Let c(o) = 2*o - 15. Let k(b) be the second derivative of -b**3/6 + 7*b**2/2 + 3*b. Let p(s) = 6*c(s) + 13*k(s). Let a be (-3)/2*((-64)/(-12) - 2). Give p(a).
6
Let h(b) = b**2 + 8*b + 10. Let o be h(-7). Let u(k) = -6*k**2 - 12*k + 5*k - 231 + k**o + 223. Calculate u(7).
-8
Let u(o) be the third derivative of o**7/840 + o**6/720 + o**5/60 + o**4/12 + 22*o**2. Let f(g) be the second derivative of u(g). Calculate f(-2).
12
Let h(b) = 1 + 17 + 1 + 13*b + 19*b**2 - 18*b**2. Determine h(-11).
-3
Let s(q) = -3*q - 27. Suppose -157*i + 168*i + 77 = 0. Calculate s(i).
-6
Let n be (4 + 115)/(-7)*(1 + -3). Suppose -4*h + 32 = -2*r - 0*h, 2*h - n = 4*r. Let a(p) = -p**2 - 6*p + 3. Calculate a(r).
3
Let z(i) = 2*i - 9. Let c(o) = o. Let q(y) = -2*y - 14. Let j(h) = -5*c(h) - q(h). Let l(w) = 5*j(w) + 8*z(w). Give l(4).
2
Suppose p - 15 = -4*q, 0*q = -3*p - 5*q + 24. Let x(n) = -16 - 11 + 20 - 6*n**2 + n + n**p. Calculate x(6).
-1
Suppose 4*q + 10 = 2*q. Let i(t) = 3 - 58*t - 2 + 57*t - 6. Give i(q).
0
Let g(v) be the second derivative of -11*v**4/12 - v**3/6 - v**2/2 + 14*v. Let l = 9 - 9. Suppose -4 = n - 4*k + 1, 2*n + 2*k = l. Determine g(n).
-11
Let y(p) be the first derivative of -p**3/3 + p**2/2 + 4*p + 21. Let v(s) be the first derivative of y(s). Give v(5).
-9
Let j(s) = s - 2. Let l(o) = -2*o**2 + 7*o - 11. Let m be l(5). Let x = m + 19. Calculate j(x).
-9
Let a(q) = -q + 6. Let h(r) = r**2 - 8*r + 14. Let x be h(6). Let z(d) = -d**3 + 4*d**2 + 4*d + 5. Let o be z(5). Suppose o*c - x*c = 0. What is a(c)?
6
Let t(w) = 3*w - 1. Let i = 60 + -57. Suppose 1 = 5*l - u, -5*l - i*u - 2*u = -25. Give t(l).
2
Let z(x) = 13*x**3 - 18*x**2 - 19*x - 5. Let t(w) = 7*w**3 - 10*w**2 - 10*w - 3. Let r(n) = 11*t(n) - 6*z(n). Let m = -20 + 22. Give r(m).
-11
Let p(a) = 2*a**3 + 14*a**2 - 6*a - 8. Let h(v) = 3*v**3 + 21*v**2 - 7*v - 11. Let q(j) = 5*h(j) - 7*p(j). Give q(-6).
-5
Let k(n) be the first derivative of n**5/60 - n**4/3 + 4*n**3/3 - 16*n**2 + 9. Let r(m) be the second derivative of k(m). Calculate r(6).
-4
Let w(s) = -s**3 - 8*s**2 - 7*s - 9. Let f(q) = -q**3 - 2*q**2 + 6*q + 2. Let z be f(-3). Determine w(z).
-9
Let d be 0 + 5 + 0/3. Let l(c) = 1 - 3*c - 1 - c**3 - d*c**2 + 5. Let b be (1 + 3 + 0)/(-1). Determine l(b).
1
Let x(b) = -b**3 + 4*b**2 + 6*b + 2. Let w = -403 + 408. Give x(w).
7
Let n(w) = -w**2 - 8*w - 9. Let y(u) = -u + 2. Suppose -2*m = -3*s + 12, 4*s - s + 3*m - 12 = 0. Let t be y(s). Le